s digit of 1959675?
5
What is the millions digit of 3742839?
3
What is the hundred thousands digit of 202236?
2
What is the hundreds digit of 454190?
1
What is the ten thousands digit of 445147?
4
What is the units digit of 35350?
0
What is the tens digit of 892862?
6
What is the thousands digit of 81893?
1
What is the millions digit of 15897055?
5
What is the units digit of 3311111?
1
What is the ten thousands digit of 54440?
5
What is the tens digit of 661076?
7
What is the ten thousands digit of 1139729?
3
What is the hundreds digit of 460965?
9
What is the ten thousands digit of 1042452?
4
What is the hundreds digit of 2834677?
6
What is the hundred thousands digit of 274044?
2
What is the hundreds digit of 163102?
1
What is the tens digit of 289026?
2
What is the thousands digit of 118701?
8
What is the tens digit of 13259608?
0
What is the thousands digit of 6071819?
1
What is the ten thousands digit of 83404?
8
What is the millions digit of 1892196?
1
What is the tens digit of 243398?
9
What is the tens digit of 12311?
1
What is the thousands digit of 5164556?
4
What is the tens digit of 139145?
4
What is the hundred thousands digit of 5023014?
0
What is the hundreds digit of 19793?
7
What is the hundreds digit of 147192?
1
What is the hundreds digit of 7291418?
4
What is the units digit of 444632?
2
What is the units digit of 6100878?
8
What is the tens digit of 596608?
0
What is the ten thousands digit of 118132?
1
What is the units digit of 1516476?
6
What is the hundred thousands digit of 678199?
6
What is the thousands digit of 473767?
3
What is the millions digit of 2048683?
2
What is the hundreds digit of 9020509?
5
What is the thousands digit of 38518945?
8
What is the hundred thousands digit of 6776484?
7
What is the ten thousands digit of 4344580?
4
What is the tens digit of 459520?
2
What is the units digit of 25946?
6
What is the thousands digit of 92123?
2
What is the tens digit of 67632?
3
What is the hundreds digit of 1306249?
2
What is the ten thousands digit of 393824?
9
What is the tens digit of 2026087?
8
What is the ten thousands digit of 191052?
9
What is the tens digit of 352853?
5
What is the hundreds digit of 949781?
7
What is the tens digit of 122637?
3
What is the thousands digit of 488609?
8
What is the units digit of 273238?
8
What is the ten thousands digit of 7868249?
6
What is the hundred thousands digit of 308850?
3
What is the tens digit of 16319489?
8
What is the thousands digit of 16799281?
9
What is the ten thousands digit of 2162399?
6
What is the millions digit of 1076427?
1
What is the thousands digit of 1959570?
9
What is the units digit of 1275298?
8
What is the ten thousands digit of 1503955?
0
What is the hundred thousands digit of 4513085?
5
What is the hundreds digit of 8724306?
3
What is the hundreds digit of 1427205?
2
What is the units digit of 5434819?
9
What is the units digit of 952334?
4
What is the millions digit of 1760845?
1
What is the thousands digit of 332493?
2
What is the tens digit of 3562149?
4
What is the tens digit of 25106?
0
What is the hundreds digit of 62333?
3
What is the tens digit of 409432?
3
What is the units digit of 402719?
9
What is the tens digit of 3040480?
8
What is the hundred thousands digit of 235556?
2
What is the units digit of 6560046?
6
What is the millions digit of 22172280?
2
What is the millions digit of 3260018?
3
What is the hundred thousands digit of 27405807?
4
What is the units digit of 247545?
5
What is the thousands digit of 460148?
0
What is the thousands digit of 173101?
3
What is the hundreds digit of 2598247?
2
What is the tens digit of 1622580?
8
What is the hundreds digit of 1390730?
7
What is the thousands digit of 20756270?
6
What is the hundreds digit of 542600?
6
What is the hundreds digit of 2981207?
2
What is the tens digit of 3405738?
3
What is the hundreds digit of 84059?
0
What is the thousands digit of 129350?
9
What is the tens digit of 164055?
5
What is the units digit of 30289848?
8
What is the thousands digit of 984850?
4
What is the ten thousands digit of 9177167?
7
What is the units digit of 146030?
0
What is the tens digit of 4059799?
9
What is the units digit of 792149?
9
What is the thousands digit of 14815977?
5
What is the thousands digit of 3409989?
9
What is the hundreds digit of 63445?
4
What is the hundred thousands digit of 1129140?
1
What is the millions digit of 3205515?
3
What is the hundreds digit of 827695?
6
What is the thousands digit of 1938888?
8
What is the units digit of 254391?
1
What is the ten thousands digit of 2990685?
9
What is the units digit of 5717?
7
What is the thousands digit of 272241?
2
What is the tens digit of 1166349?
4
What is the thousands digit of 14683493?
3
What is the tens digit of 10326329?
2
What is the thousands digit of 159076?
9
What is the thousands digit of 81728?
1
What is the hundreds digit of 14143849?
8
What is the thousands digit of 11158691?
8
What is the millions digit of 1580390?
1
What is the hundreds digit of 3119635?
6
What is the millions digit of 1294293?
1
What is the ten thousands digit of 87588?
8
What is the millions digit of 8804601?
8
What is the thousands digit of 1277539?
7
What is the hundreds digit of 1614261?
2
What is the units digit of 11937106?
6
What is the thousands digit of 166425?
6
What is the hundred thousands digit of 9575713?
5
What is the tens digit of 478248?
4
What is the hundred thousands digit of 120578?
1
What is the tens digit of 330629?
2
What is the hundred thousands digit of 2233542?
2
What is the hundreds digit of 1235864?
8
What is the units digit of 937443?
3
What is the hundred thousands digit of 325101?
3
What is the tens digit of 247979?
7
What is the units digit of 431430?
0
What is the hundreds digit of 2978577?
5
What is the units digit of 12482191?
1
What is the hundreds digit of 4486272?
2
What is the units digit of 196953?
3
What is the hundred thousands digit of 234357?
2
What is the thousands digit of 958893?
8
What is the ten thousands digit of 2184481?
8
What is the tens digit of 13076157?
5
What is the ten thousands digit of 14108512?
0
What is the hundreds digit of 6895057?
0
What is the hundreds digit of 992405?
4
What is the tens digit of 152437?
3
What is the millions digit of 1333123?
1
What is the ten thousands digit of 219614?
1
What is the millions digit of 2909609?
2
What is the hundreds digit of 3765504?
5
What is the ten thousands digit of 4362120?
6
What is the thousands digit of 26637?
6
What is the units digit of 253579?
9
What is the hundreds digit of 2179840?
8
What is the millions digit of 3167321?
3
What is the hundred thousands digit of 898206?
8
What is the thousands digit of 48754?
8
What is the ten thousands digit of 1361292?
6
What is the hundreds digit of 407051?
0
What is the tens digit of 367493?
9
What is the tens digit of 1829293?
9
What is the tens digit of 43156?
5
What is the units digit of 48430?
0
What is the hundred thousands digit of 20182458?
1
What is the hundred thousands digit of 382429?
3
What is the tens digit of 244981?
8
What is the millions digit of 3019581?
3
What is the tens digit of 219807?
0
What is the hundreds digit of 1021228?
2
What is the hundred thousands digit of 2523701?
5
What is the hundred thousands digit of 1491848?
4
What is the thousands digit of 204986?
4
What is the ten thousands digit of 6486489?
8
What is the ten thousands digit of 2310834?
1
What is the tens digit of 58986?
8
What is the ten thousands digit of 14671892?
7
What is the hundreds digit of 304822?
8
What is the tens digit of 14332554?
5
What is the units digit of 179217?
7
What is the hundreds digit of 367481?
4
What is the tens digit of 39601?
0
What is the units digit of 3946765?
5
What is the units digit of 337971?
1
What is the units digit of 3000887?
7
What is the tens digit of 2370070?
7
What is the hundred thousands digit of 586779?
5
What is the tens digit of 222370?
7
What is the tens digit of 1290178?
7
What is the hundred thousands digit of 1434463?
4
What is the thousands digit of 5948459?
8
What is the units digit of 913506?
6
What is the tens digit of 5724882?
8
What is the units digit of 290943?
3
What is the hundred thousands digit of 21057027?
0
What is the tho